3?
-4222134
In base 7, what is -2550 - -106411?
103531
In base 15, what is -90d73 - 10?
-90d83
In base 3, what is -20211001 + 1020121222?
222210221
In base 3, what is -20 - 12011021101?
-12011021121
In base 4, what is -1211311102 + -10?
-1211311112
In base 6, what is 2422015 + -12?
2422003
In base 3, what is 10212011 - 1001121?
2210120
In base 8, what is 2 - -1224333740?
1224333742
In base 15, what is 158ce - -336?
15c15
In base 11, what is 3655202 - -15?
3655217
In base 14, what is 20c + -c48?
-a3a
In base 6, what is -121131422 + 3?
-121131415
In base 6, what is 3303 + 42521?
50224
In base 15, what is 9dc83 + 1?
9dc84
In base 14, what is b19531 + -2d?
b19502
In base 10, what is -509704 + -113?
-509817
In base 8, what is -36 - -106311737?
106311701
In base 10, what is -786060 - 7?
-786067
In base 6, what is 5353001 + -15?
5352542
In base 16, what is -3 - -1267a51?
1267a4e
In base 3, what is 12 - 22011221000002?
-22011220222220
In base 13, what is 32 + 15968b?
1596c0
In base 3, what is -1102120111 - -121102?
-1101222002
In base 8, what is 3 - -14241702?
14241705
In base 7, what is -2446535602 - 13?
-2446535615
In base 10, what is 1401 + 15678?
17079
In base 14, what is -6732798 + 0?
-6732798
In base 3, what is -1200200 - 21222021101?
-22000222001
In base 6, what is 4525010525 + 0?
4525010525
In base 7, what is -5 - 34033546?
-34033554
In base 9, what is 634 + 58626?
60361
In base 14, what is 5 - 21a920b8?
-21a920b3
In base 10, what is 5 - -8950835?
8950840
In base 8, what is -17064171 - -2?
-17064167
In base 10, what is 106286 - 183?
106103
In base 15, what is -a01065a + 1?
-a010659
In base 14, what is 12 - 145904?
-1458d2
In base 5, what is 2 - -2124012440?
2124012442
In base 7, what is -22254 - -1200263?
1145006
In base 2, what is -10011010000001100 + 1100101111?
-10011000011011101
In base 15, what is 5aeb + 57ac?
b3a8
In base 3, what is 12121 - -2020220201001?
2020220220122
In base 7, what is -642 + 1511460?
1510515
In base 13, what is -1 + -25112779?
-2511277a
In base 3, what is 1 - -11202002000201022?
11202002000201100
In base 13, what is 944431 + -6?
944428
In base 10, what is -2112436 - 7?
-2112443
In base 11, what is -6254 + -89688?
-94931
In base 15, what is -aa + -697b2?
-6986c
In base 2, what is -1001110011000011101 + -10011?
-1001110011000110000
In base 13, what is -2 + -bcc2868?
-bcc286a
In base 11, what is 2094 - 174?
1a20
In base 15, what is 31939 + -22d?
3170b
In base 14, what is -13d6d8 + 5?
-13d6d3
In base 7, what is -2 + 232456243?
232456241
In base 13, what is -4 + -74792a?
-747931
In base 9, what is -17508114 - -5?
-17508108
In base 6, what is -2 - 141445253?
-141445255
In base 6, what is 243 + -12401500?
-12401213
In base 2, what is 110001011001011010101000 + 101?
110001011001011010101101
In base 16, what is -62d + -7247?
-7874
In base 13, what is -1359 + -14961?
-15cba
In base 14, what is 30920d + -2?
30920b
In base 8, what is 12 - 1066702?
-1066670
In base 6, what is 545 + -3024013?
-3023024
In base 10, what is -212 + 3835?
3623
In base 9, what is -425485551 - 1?
-425485552
In base 8, what is 2356 + 7213?
11571
In base 12, what is 26 + 36469?
36493
In base 8, what is -641441 + 10?
-641431
In base 8, what is 253254 + -1105?
252147
In base 12, what is -1b97b3 - 71?
-1b9864
In base 15, what is 19 - -6b12?
6b2b
In base 9, what is -8 - -15746?
15737
In base 13, what is 2002 - 4223?
-2221
In base 4, what is -12 + 200030130122?
200030130110
In base 14, what is 8 - -405daa?
405db4
In base 7, what is -20510 - 1023166?
-1044006
In base 12, what is 13a29b - -3?
13a2a2
In base 11, what is -1 + -1445440?
-1445441
In base 7, what is 1356 - -215353?
220042
In base 11, what is 2 + -627860?
-627859
In base 2, what is 0 + -10011100100101101011001?
-10011100100101101011001
In base 9, what is -5170 - 38724?
-45004
In base 16, what is -3 + -41a34b1?
-41a34b4
In base 8, what is 756 - 2022613?
-2021635
In base 14, what is abd - a90?
2d
In base 16, what is 2b - -57d19b?
57d1c6
In base 8, what is 407 - 6543675?
-6543266
In base 4, what is 231132333 + 2000?
231200333
In base 13, what is -4 - -453119?
453115
In base 10, what is -116539 - -2152?
-114387
In base 7, what is -523 + 145335?
144512
In base 12, what is b104b + -390?
b087b
In base 15, what is -56008c + -6?
-560093
In base 16, what is -2 + 635247?
635245
In base 16, what is 1f8 - -cfff?
d1f7
In base 16, what is -5dc + -2ca1a?
-2cff6
In base 14, what is 177c20 + 14?
177c34
In base 5, what is -1014230 + 1244031?
224301
In base 12, what is -3a54a56 - -b?
-3a54a47
In base 4, what is 10003031323300 + 10?
10003031323310
In base 11, what is 5a - 239918?
-239869
In base 6, what is 0 + -3300324015?
-3300324015
In base 7, what is -52622 - 5521?
-61443
In base 10, what is -3898 + 2002?
-1896
In base 5, what is 323043400 - 41?
323043304
In base 4, what is -20 - 1313202311021?
-1313202311101
In base 6, what is -3410 + -532?
-4342
In base 7, what is 631 - -1663160?
1664121
In base 4, what is -210013102031 - 111?
-210013102202
In base 14, what is 812 - -1d74d6?
1d7d08
In base 12, what is -29a2 - -a32?
-1b70
In base 15, what is 369 + cab4a?
caeb4
In base 14, what is -115b - -172b?
5b0
In base 13, what is 875 + -4127?
-3582
In base 5, what is -1312 + -410224?
-412041
In base 8, what is -3242 - 3021?
-6263
In base 4, what is 3302022333 + 21?
3302023020
In base 11, what is 3278665 + -4?
3278661
In base 4, what is -120 + 13021210?
13021030
In base 14, what is b58bc5 + 2?
b58bc7
In base 14, what is -5 + -7517799?
-75177a0
In base 13, what is -4574 + 393?
-41b1
In base 12, what is -841 - -2319?
1698
In base 5, what is -3 - 10231110003?
-10231110011
In base 10, what is -3 - 23714176?
-23714179
In base 13, what is 1c33 - 43c?
17c4
In base 9, what is 2 + -21102612?
-21102610
In base 4, what is 31210 - 23010121?
-22312311
In base 11, what is 2003928 - 0?
2003928
In base 2, what is 10111 + 100000111000111100110?
100000111000111111101
In base 4, what is 13212201 - -103230?
13322031
In base 4, what is 113 - 1002233221230?
-1002233221111
In base 7, what is -103145 - -50442?
-22403
In base 12, what is 41484 - 1b2?
41292
In base 11, what is 98302183 + -4?
9830217a
In base 4, what is 1120010312 + 201?
1120011113
In base 7, what is 146 - 446456?
-446310
In base 8, what is -3 + 5244222?
5244217
In base 12, what is 975588 + -3?
975585
In base 6, what is -313524044 - 1?
-313524045
In base 13, what is -180697 - -672?
-180025
In base 11, what is 1a1 - -1a84a8?
1a8699
In base 2, what is 11 + -101110001001101001111000?
-101110001001101001110101
In base 6, what is -5150303 - -31?
-5150232
In base 3, what is -10102110 - 111222122121?
-112010002001
In base 5, what is -21 - 20032014034?
-20032014110
In base 11, what is -36021584 - -4?
-36021580
In base 12, what is 28 - 31a367?
-31a33b
In base 4, what is -30 + -2102122?
-2102212
In base 13, what is -56 - 1a1125?
-1a117b
In base 4, what is -2301221 + 33111?
-2202110
In base 11, what is -2625 - -14967?
12342
In base 15, what is -24 + 8c164a?
8c1626
In base 11, what is -8922681 - -5a?
-8922622
In base 5, what is -40324 - 21001?
-111330
In base 7, what is -14 - 2243410?
-2243424
In base 6, what is -114452 - -13003?
-101445
In base 14, what is 5b13c7 + 2a?
5b1413
In base 10, what is -6420024 - -8?
-6420016
In base 14, what is 18 + 1233b1?
1233c9
In base 10, what is 5 - 7934629?
-7934624
In base 8, what is -3 - -2401061?
2401056
In base 3, what is 1012212002102 + -112?
1012212001220
In base 13, what is -72c19b97 - 3?
-72c19b9a
In base 14, what is 66a + 883?
110d
In base 14, what is 7a7 - -622?
dc9
In base 13, what is -10031 + 10b11?
ab0
In base 16, what is 3c - 485d5?
-48599
In base 6, what is -2414111315 - -1?
-2414111314
In base 13, what is 379a2 - -26c?
37c41
In base 5, what is 2424302244 - -3?
2424302302
In base 15, what is -48 - d072b8?
-d07311
In base 14, what is a86 + 58d1?
6577
In base 3, what is 102010 - -11102221211?
11110100221
In base 16, what is 1 - -23ff24b?
23ff24c
In base 8, what is 10375140 - 71?
10375047
In base 4, what is 201 - 1320012211?
-1320012010
In base 16, what is -2b3 - 12f3?
-15a6
In base 8, what is 111637015 + -3?
111637012
In base 8, what is 2742 - -644323?
647265
In base 13, what is 5c929c1 - 5?
5c929b9
In base 11, what is 2 - -179705a23?
179705a25
In bas